{"id":39,"date":"2016-08-18T23:08:49","date_gmt":"2016-08-18T23:08:49","guid":{"rendered":"\/?page_id=39"},"modified":"2018-02-27T23:37:56","modified_gmt":"2018-02-27T22:37:56","slug":"alunos","status":"publish","type":"page","link":"https:\/\/www.aeirmaospassos.pt\/?page_id=39","title":{"rendered":"Alunos"},"content":{"rendered":"<p>&nbsp;<\/p>\n<div>\n<table border=\"0\" width=\"50%\">\n<tbody>\n<tr>\n<td rowspan=\"4\"><img loading=\"lazy\" decoding=\"async\" class=\"alignright wp-image-964\" src=\"wp-content\/uploads\/2016\/08\/alunos.png\" alt=\"alunos\" width=\"192\" height=\"187\" \/><\/td>\n<td><img loading=\"lazy\" decoding=\"async\" class=\"alignright size-full wp-image-201\" style=\"vertical-align: bottom; padding-top: 20px;\" src=\"wp-content\/uploads\/2016\/08\/pin_lar.png\" alt=\"pin\" width=\"23\" height=\"36\" \/><\/td>\n<td style=\"vertical-align: bottom; padding-left: 15px;\"><u><a href=\"\/~aeirmaos\/?page_id=369\">Turmas (brevemente dispon\u00edvel)<\/a><\/u><\/td>\n<\/tr>\n<tr>\n<td><img loading=\"lazy\" decoding=\"async\" class=\"alignright size-full wp-image-201\" style=\"vertical-align: bottom; padding-top: 20px;\" src=\"wp-content\/uploads\/2016\/08\/pin_cinza.png\" alt=\"pin\" width=\"23\" height=\"36\" \/><\/td>\n<td style=\"vertical-align: bottom; padding-left: 15px;\"><u><a href=\"\/~aeirmaos\/?page_id=371\">Manuais<\/a><\/u><\/td>\n<\/tr>\n<tr>\n<td><img loading=\"lazy\" decoding=\"async\" class=\"alignright size-full wp-image-201\" style=\"vertical-align: bottom; padding-top: 20px;\" src=\"wp-content\/uploads\/2016\/08\/pin_rosa.png\" alt=\"pin\" width=\"23\" height=\"36\" \/><\/td>\n<td style=\"vertical-align: bottom; padding-left: 15px;\"><u><a href=\"\/~aeirmaos\/?page_id=373\">Quadros de M\u00e9rito (brevemente dispon\u00edvel)<\/a><\/u><\/td>\n<\/tr>\n<tr>\n<td><img loading=\"lazy\" decoding=\"async\" class=\"alignright size-full wp-image-201\" style=\"vertical-align: bottom; padding-top: 20px;\" src=\"wp-content\/uploads\/2016\/08\/pin_azul.png\" alt=\"pin\" width=\"23\" height=\"36\" \/><\/td>\n<td style=\"vertical-align: bottom; padding-left: 15px;\"><u><a href=\"\/~aeirmaos\/?page_id=921\">Ementa<\/a><\/u><\/td>\n<\/tr>\n<\/tbody>\n<\/table>\n<\/div>\n","protected":false},"excerpt":{"rendered":"<p>&nbsp; Turmas (brevemente dispon\u00edvel) Manuais Quadros de M\u00e9rito (brevemente dispon\u00edvel) Ementa<\/p>\n","protected":false},"author":1,"featured_media":0,"parent":0,"menu_order":0,"comment_status":"closed","ping_status":"closed","template":"","meta":{"footnotes":""},"class_list":["post-39","page","type-page","status-publish","hentry"],"_links":{"self":[{"href":"https:\/\/www.aeirmaospassos.pt\/index.php?rest_route=\/wp\/v2\/pages\/39","targetHints":{"allow":["GET"]}}],"collection":[{"href":"https:\/\/www.aeirmaospassos.pt\/index.php?rest_route=\/wp\/v2\/pages"}],"about":[{"href":"https:\/\/www.aeirmaospassos.pt\/index.php?rest_route=\/wp\/v2\/types\/page"}],"author":[{"embeddable":true,"href":"https:\/\/www.aeirmaospassos.pt\/index.php?rest_route=\/wp\/v2\/users\/1"}],"replies":[{"embeddable":true,"href":"https:\/\/www.aeirmaospassos.pt\/index.php?rest_route=%2Fwp%2Fv2%2Fcomments&post=39"}],"version-history":[{"count":11,"href":"https:\/\/www.aeirmaospassos.pt\/index.php?rest_route=\/wp\/v2\/pages\/39\/revisions"}],"predecessor-version":[{"id":2528,"href":"https:\/\/www.aeirmaospassos.pt\/index.php?rest_route=\/wp\/v2\/pages\/39\/revisions\/2528"}],"wp:attachment":[{"href":"https:\/\/www.aeirmaospassos.pt\/index.php?rest_route=%2Fwp%2Fv2%2Fmedia&parent=39"}],"curies":[{"name":"wp","href":"https:\/\/api.w.org\/{rel}","templated":true}]}}