{"id":30,"date":"2016-08-18T23:07:54","date_gmt":"2016-08-18T23:07:54","guid":{"rendered":"\/?page_id=30"},"modified":"2019-10-16T19:19:51","modified_gmt":"2019-10-16T18:19:51","slug":"projetos-e-clubes","status":"publish","type":"page","link":"https:\/\/www.aeirmaospassos.pt\/?page_id=30","title":{"rendered":"Projetos e Clubes"},"content":{"rendered":"<table>\n<tbody>\n<tr>\n<td><img loading=\"lazy\" decoding=\"async\" class=\"alignright wp-image-201 size-full\" style=\"vertical-align: bottom; padding-top: 20px;\" src=\"\/wp-content\/uploads\/2016\/08\/pin_rosa.png\" alt=\"pin\" width=\"23\" height=\"36\" \/><\/td>\n<td style=\"vertical-align: bottom; padding-left: 15px;\"><u><a href=\"?page_id=410\">Educa\u00e7\u00e3o para a Sa\u00fade<\/a><\/u><\/td>\n<td><img loading=\"lazy\" decoding=\"async\" class=\"alignright size-full wp-image-201\" style=\"vertical-align: bottom; padding-top: 20px;\" src=\"\/wp-content\/uploads\/2016\/08\/pin_cinza.png\" alt=\"pin\" width=\"23\" height=\"36\" \/><\/td>\n<td style=\"vertical-align: bottom; padding-left: 15px;\"><u><a href=\"?page_id=417\">Desporto Escolar<\/a><\/u><\/td>\n<\/tr>\n<tr>\n<td><img loading=\"lazy\" decoding=\"async\" class=\"alignright size-full wp-image-201\" style=\"vertical-align: bottom; padding-top: 20px;\" src=\"\/wp-content\/uploads\/2016\/08\/pin_azul.png\" alt=\"pin\" width=\"23\" height=\"36\" \/><\/td>\n<td style=\"vertical-align: bottom; padding-left: 15px;\"><u><a href=\"?page_id=412\">A Ler Vamos<\/a><\/u><\/td>\n<td><img loading=\"lazy\" decoding=\"async\" class=\"alignright size-full wp-image-201\" style=\"vertical-align: bottom; padding-top: 20px;\" src=\"\/wp-content\/uploads\/2016\/08\/pin_lar.png\" alt=\"pin\" width=\"23\" height=\"36\" \/><\/td>\n<td style=\"vertical-align: bottom; padding-left: 15px;\"><u><a href=\"?page_id=415\">Plano Nacional de Leitura<\/a><\/u><\/td>\n<\/tr>\n<tr>\n<td><img loading=\"lazy\" decoding=\"async\" class=\"alignright size-full wp-image-201\" style=\"vertical-align: bottom; padding-top: 20px;\" src=\"\/wp-content\/uploads\/2016\/08\/pin_rosa.png\" alt=\"pin\" width=\"23\" height=\"36\" \/><\/td>\n<td style=\"vertical-align: bottom; padding-left: 15px;\"><u><a href=\"?page_id=419\">Eco-Escolas<\/a><\/u><\/td>\n<td><img loading=\"lazy\" decoding=\"async\" class=\"alignright size-full wp-image-201\" style=\"vertical-align: bottom; padding-top: 20px;\" src=\"\/wp-content\/uploads\/2016\/08\/pin_cinza.png\" width=\"23\" height=\"36\" \/><\/td>\n<td style=\"vertical-align: bottom; padding-left: 15px;\"><\/td>\n<\/tr>\n<tr>\n<td><img loading=\"lazy\" decoding=\"async\" class=\"alignright size-full wp-image-201\" style=\"vertical-align: bottom; padding-top: 20px;\" src=\"\/wp-content\/uploads\/2016\/08\/pin_lar.png\" alt=\"pin\" width=\"23\" height=\"36\" \/><\/td>\n<td style=\"vertical-align: bottom; padding-left: 15px;\"><\/td>\n<td><img loading=\"lazy\" decoding=\"async\" class=\"alignright size-full wp-image-201\" style=\"vertical-align: bottom; padding-top: 20px;\" src=\"\/wp-content\/uploads\/2016\/08\/pin_azul.png\" alt=\"pin\" width=\"23\" height=\"36\" \/><\/td>\n<td style=\"vertical-align: bottom; padding-left: 15px;\"><\/td>\n<\/tr>\n<tr>\n<td><img loading=\"lazy\" decoding=\"async\" class=\"alignright size-full wp-image-201\" style=\"vertical-align: bottom; padding-top: 20px;\" src=\"\/wp-content\/uploads\/2016\/08\/pin_cinza.png\" alt=\"pin\" width=\"23\" height=\"36\" \/><\/td>\n<td style=\"vertical-align: bottom; padding-left: 15px;\"><\/td>\n<td><img loading=\"lazy\" decoding=\"async\" class=\"alignright size-full wp-image-201\" style=\"vertical-align: bottom; padding-top: 20px;\" src=\"\/wp-content\/uploads\/2016\/08\/pin_lar.png\" alt=\"pin\" width=\"23\" height=\"36\" \/><\/td>\n<td style=\"vertical-align: bottom; padding-left: 15px;\"><u><a href=\"?page_id=1342\">Projeto &#8220;Sou Capaz&#8221;<\/a><\/u><\/td>\n<\/tr>\n<tr>\n<td><img loading=\"lazy\" decoding=\"async\" class=\"alignright size-full wp-image-201\" style=\"vertical-align: bottom; padding-top: 20px;\" src=\"\/wp-content\/uploads\/2016\/08\/pin_rosa.png\" alt=\"pin\" width=\"23\" height=\"36\" \/><\/td>\n<td style=\"vertical-align: bottom; padding-left: 15px;\"><u><a href=\"?page_id=430\">Projeto Tra\u00e7o a Tra\u00e7o<\/a><\/u><\/td>\n<td><img loading=\"lazy\" decoding=\"async\" class=\"alignright size-full wp-image-201\" style=\"vertical-align: bottom; padding-top: 20px;\" src=\"\/wp-content\/uploads\/2016\/08\/pin_azul.png\" alt=\"pin\" width=\"23\" height=\"36\" \/><\/td>\n<td style=\"vertical-align: bottom; padding-left: 15px;\"><u><a href=\"?page_id=432\">Clube de M\u00fasica<\/a><\/u><\/td>\n<\/tr>\n<tr>\n<td><img loading=\"lazy\" decoding=\"async\" class=\"alignright size-full wp-image-201\" style=\"vertical-align: bottom; padding-top: 20px;\" src=\"\/wp-content\/uploads\/2016\/08\/pin_lar.png\" alt=\"pin\" width=\"23\" height=\"36\" \/><\/td>\n<td style=\"vertical-align: bottom; padding-left: 15px;\"><u><a href=\"?page_id=434\">Clube de Xadrez<\/a><\/u><\/td>\n<td><img loading=\"lazy\" decoding=\"async\" class=\"alignright size-full wp-image-201\" style=\"vertical-align: bottom; padding-top: 20px;\" src=\"\/wp-content\/uploads\/2016\/08\/pin_azul.png\" alt=\"pin\" width=\"23\" height=\"36\" \/><\/td>\n<td style=\"vertical-align: bottom; padding-left: 15px;\"><\/td>\n<\/tr>\n<tr>\n<td><img loading=\"lazy\" decoding=\"async\" class=\"alignright size-full wp-image-201\" style=\"vertical-align: bottom; padding-top: 20px;\" src=\"\/wp-content\/uploads\/2016\/08\/pin_cinza.png\" alt=\"pin\" width=\"23\" height=\"36\" \/><\/td>\n<td style=\"vertical-align: bottom; padding-left: 15px;\"><\/td>\n<td><img loading=\"lazy\" decoding=\"async\" class=\"alignright size-full wp-image-201\" style=\"vertical-align: bottom; padding-top: 20px;\" src=\"\/wp-content\/uploads\/2016\/08\/pin_rosa.png\" alt=\"pin\" width=\"23\" height=\"36\" \/><\/td>\n<td style=\"vertical-align: bottom; padding-left: 15px;\"><\/td>\n<\/tr>\n<tr>\n<td><img loading=\"lazy\" decoding=\"async\" class=\"alignright size-full wp-image-201\" style=\"vertical-align: bottom; padding-top: 20px;\" src=\"\/wp-content\/uploads\/2016\/08\/pin_lar.png\" alt=\"pin\" width=\"23\" height=\"36\" \/><\/td>\n<td style=\"vertical-align: bottom; padding-left: 15px;\"><\/td>\n<td><\/td>\n<td style=\"vertical-align: bottom; padding-left: 15px;\"><\/td>\n<\/tr>\n<\/tbody>\n<\/table>\n","protected":false},"excerpt":{"rendered":"<p>Educa\u00e7\u00e3o para a Sa\u00fade Desporto Escolar A Ler Vamos Plano Nacional de Leitura Eco-Escolas Projeto &#8220;Sou Capaz&#8221; Projeto Tra\u00e7o a Tra\u00e7o Clube de M\u00fasica Clube de Xadrez<\/p>\n","protected":false},"author":1,"featured_media":0,"parent":0,"menu_order":0,"comment_status":"closed","ping_status":"closed","template":"","meta":{"footnotes":""},"class_list":["post-30","page","type-page","status-publish","hentry"],"_links":{"self":[{"href":"https:\/\/www.aeirmaospassos.pt\/index.php?rest_route=\/wp\/v2\/pages\/30","targetHints":{"allow":["GET"]}}],"collection":[{"href":"https:\/\/www.aeirmaospassos.pt\/index.php?rest_route=\/wp\/v2\/pages"}],"about":[{"href":"https:\/\/www.aeirmaospassos.pt\/index.php?rest_route=\/wp\/v2\/types\/page"}],"author":[{"embeddable":true,"href":"https:\/\/www.aeirmaospassos.pt\/index.php?rest_route=\/wp\/v2\/users\/1"}],"replies":[{"embeddable":true,"href":"https:\/\/www.aeirmaospassos.pt\/index.php?rest_route=%2Fwp%2Fv2%2Fcomments&post=30"}],"version-history":[{"count":17,"href":"https:\/\/www.aeirmaospassos.pt\/index.php?rest_route=\/wp\/v2\/pages\/30\/revisions"}],"predecessor-version":[{"id":3237,"href":"https:\/\/www.aeirmaospassos.pt\/index.php?rest_route=\/wp\/v2\/pages\/30\/revisions\/3237"}],"wp:attachment":[{"href":"https:\/\/www.aeirmaospassos.pt\/index.php?rest_route=%2Fwp%2Fv2%2Fmedia&parent=30"}],"curies":[{"name":"wp","href":"https:\/\/api.w.org\/{rel}","templated":true}]}}