{"id":271,"date":"2016-08-22T15:21:55","date_gmt":"2016-08-22T15:21:55","guid":{"rendered":"\/?page_id=271"},"modified":"2026-03-12T14:00:53","modified_gmt":"2026-03-12T13:00:53","slug":"diretor","status":"publish","type":"page","link":"https:\/\/www.aeirmaospassos.pt\/?page_id=271","title":{"rendered":"Dire\u00e7\u00e3o\/Coordena\u00e7\u00e3o"},"content":{"rendered":"<p><strong>Diretor:<\/strong> Paulo Gaspar<\/p>\n<p><strong>Subdiretora:<\/strong> Carla Vieira<\/p>\n<p><strong>Adjunto:<\/strong> Rui Moreira<\/p>\n<p><strong>Adjunto:<\/strong> \u00c1lvaro Anjos<\/p>\n<p><strong>Coordenadoras de Estabelecimentos:<\/strong><\/p>\n<p><strong>E.B.2,3 de Cust\u00f3ias<\/strong> &#8211; Ilda Miroto e Maria Lage<\/p>\n<p><strong>E.B. Irm\u00e3os Passos<\/strong> &#8211; Dina Coelho<\/p>\n<p><strong>E.B. da Lomba<\/strong> &#8211; Carla Silva<\/p>\n<p><strong>E.B. Quinta do Vieira<\/strong> &#8211; Cl\u00e1udia Couto<\/p>\n<p><strong>E.B. Prof.\u00aa Elvira Valente<\/strong> &#8211; Maria Jo\u00e3o Novais<\/p>\n<p><strong>E.B. de Santiago<\/strong> &#8211; Sandra Gomes<\/p>\n<p><strong>E.B. de Sendim<\/strong> &#8211; Gra\u00e7a Pereira<\/p>\n<p>&nbsp;<\/p>\n<p>&nbsp;<\/p>\n","protected":false},"excerpt":{"rendered":"<p>Diretor: Paulo Gaspar Subdiretora: Carla Vieira Adjunto: Rui Moreira Adjunto: \u00c1lvaro Anjos Coordenadoras de Estabelecimentos: E.B.2,3 de Cust\u00f3ias &#8211; Ilda Miroto e Maria Lage E.B. Irm\u00e3os Passos &#8211; Dina Coelho E.B. da Lomba &#8211; Carla Silva E.B. Quinta do Vieira&#8230;<\/p>\n","protected":false},"author":1,"featured_media":0,"parent":0,"menu_order":0,"comment_status":"closed","ping_status":"closed","template":"","meta":{"footnotes":""},"class_list":["post-271","page","type-page","status-publish","hentry"],"_links":{"self":[{"href":"https:\/\/www.aeirmaospassos.pt\/index.php?rest_route=\/wp\/v2\/pages\/271","targetHints":{"allow":["GET"]}}],"collection":[{"href":"https:\/\/www.aeirmaospassos.pt\/index.php?rest_route=\/wp\/v2\/pages"}],"about":[{"href":"https:\/\/www.aeirmaospassos.pt\/index.php?rest_route=\/wp\/v2\/types\/page"}],"author":[{"embeddable":true,"href":"https:\/\/www.aeirmaospassos.pt\/index.php?rest_route=\/wp\/v2\/users\/1"}],"replies":[{"embeddable":true,"href":"https:\/\/www.aeirmaospassos.pt\/index.php?rest_route=%2Fwp%2Fv2%2Fcomments&post=271"}],"version-history":[{"count":15,"href":"https:\/\/www.aeirmaospassos.pt\/index.php?rest_route=\/wp\/v2\/pages\/271\/revisions"}],"predecessor-version":[{"id":6079,"href":"https:\/\/www.aeirmaospassos.pt\/index.php?rest_route=\/wp\/v2\/pages\/271\/revisions\/6079"}],"wp:attachment":[{"href":"https:\/\/www.aeirmaospassos.pt\/index.php?rest_route=%2Fwp%2Fv2%2Fmedia&parent=271"}],"curies":[{"name":"wp","href":"https:\/\/api.w.org\/{rel}","templated":true}]}}

Direção/Coordenação

<p><strong>Diretor:</strong> Paulo Gaspar</p>
<p><strong>Subdiretora:</strong> Carla Vieira</p>
<p><strong>Adjunto:</strong> Rui Moreira</p>
<p><strong>Adjunto:</strong> Álvaro Anjos</p>
<p><strong>Coordenadoras de Estabelecimentos:</strong></p>
<p><strong>E.B.2,3 de Custóias</strong> &#8211; Ilda Miroto e Maria Lage</p>
<p><strong>E.B. Irmãos Passos</strong> &#8211; Dina Coelho</p>
<p><strong>E.B. da Lomba</strong> &#8211; Carla Silva</p>
<p><strong>E.B. Quinta do Vieira</strong> &#8211; Cláudia Couto</p>
<p><strong>E.B. Prof.ª Elvira Valente</strong> &#8211; Maria João Novais</p>
<p><strong>E.B. de Santiago</strong> &#8211; Sandra Gomes</p>
<p><strong>E.B. de Sendim</strong> &#8211; Graça Pereira</p>
<p>&nbsp;</p>
<p>&nbsp;</p>

<p>Diretor: Paulo Gaspar Subdiretora: Carla Vieira Adjunto: Rui Moreira Adjunto: Álvaro Anjos Coordenadoras de Estabelecimentos: E.B.2,3 de Custóias &#8211; Ilda Miroto e Maria Lage E.B. Irmãos Passos &#8211; Dina Coelho E.B. da Lomba &#8211; Carla Silva E.B. Quinta do Vieira&#8230;</p>
