{"id":1711,"date":"2017-05-09T15:18:40","date_gmt":"2017-05-09T14:18:40","guid":{"rendered":"http:\/\/www.aeirmaospassos.pt\/?page_id=1711"},"modified":"2023-05-16T12:36:42","modified_gmt":"2023-05-16T11:36:42","slug":"norma-2-jne","status":"publish","type":"page","link":"https:\/\/www.aeirmaospassos.pt\/?page_id=1711","title":{"rendered":""},"content":{"rendered":"<p>O teste TIMSS, a ser aplicado <em>online<\/em>, dever\u00e1 ser acedido a partir da seguinte liga\u00e7\u00e3o:<\/p>\n<p>&nbsp;<\/p>\n<table>\n<tbody>\n<tr>\n<td width=\"1\"><\/td>\n<\/tr>\n<tr>\n<td><\/td>\n<td><\/td>\n<\/tr>\n<\/tbody>\n<\/table>\n<p><a href=\"https:\/\/timss.sonet.com.au\/examiner\/timss2023dc_g4_prt_pt\">https:\/\/timss.sonet.com.au\/examiner\/timss2023dc_g4_prt_pt<\/a><\/p>\n<p>&nbsp;<\/p>\n<p>o question\u00e1rio ao aluno, poder\u00e1 entrar no question\u00e1rio atrav\u00e9s de:<\/p>\n<p><a href=\"https:\/\/timss-odc.net\/4CBP85S\">https:\/\/timss-odc.net\/4CBP85S<\/a><\/p>\n","protected":false},"excerpt":{"rendered":"<p>O teste TIMSS, a ser aplicado online, dever\u00e1 ser acedido a partir da seguinte liga\u00e7\u00e3o: &nbsp; https:\/\/timss.sonet.com.au\/examiner\/timss2023dc_g4_prt_pt &nbsp; o question\u00e1rio ao aluno, poder\u00e1 entrar no question\u00e1rio atrav\u00e9s de: https:\/\/timss-odc.net\/4CBP85S<\/p>\n","protected":false},"author":1,"featured_media":4563,"parent":0,"menu_order":0,"comment_status":"closed","ping_status":"closed","template":"","meta":{"footnotes":""},"class_list":["post-1711","page","type-page","status-publish","has-post-thumbnail","hentry"],"_links":{"self":[{"href":"https:\/\/www.aeirmaospassos.pt\/index.php?rest_route=\/wp\/v2\/pages\/1711","targetHints":{"allow":["GET"]}}],"collection":[{"href":"https:\/\/www.aeirmaospassos.pt\/index.php?rest_route=\/wp\/v2\/pages"}],"about":[{"href":"https:\/\/www.aeirmaospassos.pt\/index.php?rest_route=\/wp\/v2\/types\/page"}],"author":[{"embeddable":true,"href":"https:\/\/www.aeirmaospassos.pt\/index.php?rest_route=\/wp\/v2\/users\/1"}],"replies":[{"embeddable":true,"href":"https:\/\/www.aeirmaospassos.pt\/index.php?rest_route=%2Fwp%2Fv2%2Fcomments&post=1711"}],"version-history":[{"count":28,"href":"https:\/\/www.aeirmaospassos.pt\/index.php?rest_route=\/wp\/v2\/pages\/1711\/revisions"}],"predecessor-version":[{"id":5231,"href":"https:\/\/www.aeirmaospassos.pt\/index.php?rest_route=\/wp\/v2\/pages\/1711\/revisions\/5231"}],"wp:featuredmedia":[{"embeddable":true,"href":"https:\/\/www.aeirmaospassos.pt\/index.php?rest_route=\/wp\/v2\/media\/4563"}],"wp:attachment":[{"href":"https:\/\/www.aeirmaospassos.pt\/index.php?rest_route=%2Fwp%2Fv2%2Fmedia&parent=1711"}],"curies":[{"name":"wp","href":"https:\/\/api.w.org\/{rel}","templated":true}]}}