{"id":1699,"date":"2017-05-09T15:14:56","date_gmt":"2017-05-09T14:14:56","guid":{"rendered":"http:\/\/www.aeirmaospassos.pt\/?page_id=1699"},"modified":"2025-07-01T18:57:01","modified_gmt":"2025-07-01T17:57:01","slug":"informacoes-prova-20162017","status":"publish","type":"page","link":"https:\/\/www.aeirmaospassos.pt\/?page_id=1699","title":{"rendered":"Informa\u00e7\u00e3o Prova de Equival\u00eancia"},"content":{"rendered":"<p>Consultar a Informa\u00e7\u00e3o Prova de Equival\u00eancia \u00e0 Frequ\u00eancia 3\u00ba Ciclo:<\/p>\n<p><span style=\"color: #0000ff;\"><strong><a style=\"color: #0000ff;\" href=\"http:\/\/www.aeirmaospassos.pt\/wp-content\/uploads\/2025\/05\/24_25-infoprova_TIC.pdf\">Prova_TIC<\/a><\/strong><\/span><\/p>\n<p><span style=\"color: #0000ff;\"><strong><a style=\"color: #0000ff;\" href=\"http:\/\/www.aeirmaospassos.pt\/wp-content\/uploads\/2025\/05\/Informacao-Prova-96-CD-2025.pdf\">Prova Cidadania<\/a><\/strong><\/span><\/p>\n<p><span style=\"color: #0000ff;\"> <strong><a style=\"color: #0000ff;\" href=\"http:\/\/www.aeirmaospassos.pt\/wp-content\/uploads\/2025\/05\/INFORMACAO-PROVA-PC.pdf\">Prova Complemento \u00e0 Ed.Art\u00edstica <\/a><\/strong><\/span><\/p>\n<p><span style=\"color: #0000ff;\"> <strong><a style=\"color: #0000ff;\" href=\"http:\/\/www.aeirmaospassos.pt\/wp-content\/uploads\/2025\/05\/EF_Inf.-Prova_2025.pdf\">Prova Educa\u00e7\u00e3o F\u00edsica<\/a><\/strong><\/span><\/p>\n<p><span style=\"color: #0000ff;\"><strong><a style=\"color: #0000ff;\" href=\"http:\/\/www.aeirmaospassos.pt\/wp-content\/uploads\/2025\/05\/2024_25-infoprova_EV-3-ciclo.pdf\">Prova Educa\u00e7\u00e3o Visual<\/a><\/strong><\/span><\/p>\n<p><span style=\"color: #0000ff;\"><strong><a style=\"color: #0000ff;\" href=\"http:\/\/www.aeirmaospassos.pt\/wp-content\/uploads\/2025\/05\/Inf-PEF-FQ-11-Escrita-2025.pdf\">Prova F\u00edsico-Qu\u00edmica &#8211; Escrita<\/a><\/strong> <\/span><\/p>\n<p><span style=\"color: #0000ff;\"><a style=\"color: #0000ff;\" href=\"http:\/\/www.aeirmaospassos.pt\/wp-content\/uploads\/2025\/05\/Inf-PEF-FQ-11-PRATICA-2025.pdf\"><strong>Prova F\u00edsico-Qu\u00edmica- Pr\u00e1tica<\/strong><\/a><\/span><\/p>\n<p><span style=\"color: #0000ff;\"><strong><a style=\"color: #0000ff;\" href=\"http:\/\/www.aeirmaospassos.pt\/wp-content\/uploads\/2025\/05\/Informacao-Prova-Escrita-Frances-2025.pdf\">Prova Escrita Franc\u00eas<\/a><\/strong> <\/span><\/p>\n<p><span style=\"color: #0000ff;\"><strong>Prova Oral_FRANC\u00caS<\/strong> <\/span><\/p>\n<p><span style=\"color: #0000ff;\"><strong><a style=\"color: #0000ff;\" href=\"http:\/\/www.aeirmaospassos.pt\/wp-content\/uploads\/2025\/05\/Informacao-Prova-18-GEO-2025.pdf\">Prova Geografia<\/a><\/strong> <\/span><\/p>\n<p><span style=\"color: #0000ff;\"><strong><a style=\"color: #0000ff;\" href=\"http:\/\/www.aeirmaospassos.pt\/wp-content\/uploads\/2025\/05\/Informacao-Prova-19-HIS-2025.pdf\">Prova Hist\u00f3ria<\/a><\/strong> <\/span><\/p>\n<p><span style=\"color: #0000ff;\"><strong><a style=\"color: #0000ff;\" href=\"http:\/\/www.aeirmaospassos.pt\/wp-content\/uploads\/2025\/05\/Informacao_Prova-CN_-2025.pdf\">Prova Ci\u00eancias Naturais<\/a><\/strong> <\/span><\/p>\n<p><span style=\"color: #0000ff;\"><strong><a href=\"http:\/\/www.aeirmaospassos.pt\/wp-content\/uploads\/2025\/05\/Informacao-Prova_EscritaOral_PEF_21_Ingles_12Fase_9Ano_2025.pdf\"><span style=\"color: #0000ff;\">Prova_Escrita+Oral_Ingl\u00eas<\/span><\/a><\/strong><\/span><\/p>\n<p>_____________________________<\/p>\n<p><strong>Provas realizadas 1\u00aa Fase<\/strong><\/p>\n<p>&nbsp;<\/p>\n<p><span style=\"color: #3366ff;\"><a style=\"color: #3366ff;\" href=\"http:\/\/www.aeirmaospassos.pt\/wp-content\/uploads\/2025\/07\/24_25_CriteriosClassif_TIC_1aFASE.pdf\">TIC_Crit\u00e9rios de Classifica\u00e7\u00e3o<\/a><\/span><\/p>\n<p><span style=\"color: #3366ff;\"><a style=\"color: #3366ff;\" href=\"http:\/\/www.aeirmaospassos.pt\/wp-content\/uploads\/2025\/07\/TIC-PEF-2025_1aFASE.pdf\">TIC_Prova<\/a><\/span><\/p>\n<p><span style=\"color: #3366ff;\"><a style=\"color: #3366ff;\" href=\"http:\/\/www.aeirmaospassos.pt\/wp-content\/uploads\/2025\/07\/2024_25-critclassif_EV-3-ciclo-.pdf\">EV_Crit\u00e9rios de Classifica\u00e7\u00e3o<\/a><\/span><\/p>\n<p><span style=\"color: #3366ff;\"><a style=\"color: #3366ff;\" href=\"http:\/\/www.aeirmaospassos.pt\/wp-content\/uploads\/2025\/07\/202425provaequi_EV-3-ciclo-1a-fase.pdf\">EV_Prova<\/a><\/span><\/p>\n<p><span style=\"color: #3366ff;\"><a style=\"color: #3366ff;\" href=\"http:\/\/www.aeirmaospassos.pt\/wp-content\/uploads\/2025\/07\/Criterios-Class.-PEF-Frances-1a-Fase-2025.pdf\">Franc\u00eas II Crit\u00e9rios de Classifica\u00e7\u00e3o<\/a><\/span><\/p>\n<p><span style=\"color: #3366ff;\"><a style=\"color: #3366ff;\" href=\"http:\/\/www.aeirmaospassos.pt\/wp-content\/uploads\/2025\/07\/PEF-Frances-1a-Fase-2025.pdf\">Franc\u00eas II Prova<\/a><\/span><\/p>\n<p><span style=\"color: #3366ff;\"><a style=\"color: #3366ff;\" href=\"http:\/\/www.aeirmaospassos.pt\/wp-content\/uploads\/2025\/07\/Criterios-Class._1Fase_Escrita_INGLES_2025.pdf\">Ingl\u00eas Crit\u00e9rios de Classifica\u00e7\u00e3o<\/a><\/span><\/p>\n<p><span style=\"color: #3366ff;\"><a style=\"color: #3366ff;\" href=\"http:\/\/www.aeirmaospassos.pt\/wp-content\/uploads\/2025\/07\/PEF_1Fase_Escrita_INGLES_2025.pdf\">Ingl\u00eas_Prova<\/a><\/span><\/p>\n<p><span style=\"color: #3366ff;\"><a style=\"color: #3366ff;\" href=\"http:\/\/www.aeirmaospassos.pt\/wp-content\/uploads\/2025\/07\/Criterios-de-classificacao-GEO-2025-1a-fase.pdf\">Geografia Crit\u00e9rios de Classifica\u00e7\u00e3o<\/a><\/span><\/p>\n<p><span style=\"color: #3366ff;\"><a style=\"color: #3366ff;\" href=\"http:\/\/www.aeirmaospassos.pt\/wp-content\/uploads\/2025\/07\/Prova-de-Equivalencia-a-Frequencia-GEO-2025-1a-fase.pdf\">Geografia_Prova<\/a><\/span><\/p>\n<p><span style=\"color: #3366ff;\"><a style=\"color: #3366ff;\" href=\"http:\/\/www.aeirmaospassos.pt\/wp-content\/uploads\/2025\/07\/EF_3C-Criterios-de-correcao-PEF-2025_1aF.pdf\">Educa\u00e7\u00e3o F\u00edsica Crit\u00e9rios de Classifica\u00e7\u00e3o<\/a><\/span><\/p>\n<p><span style=\"color: #3366ff;\"><a style=\"color: #3366ff;\" href=\"http:\/\/www.aeirmaospassos.pt\/wp-content\/uploads\/2025\/07\/EF_3C-PEF-2025_1aF.pdf\">Educa\u00e7\u00e3o F\u00edsica Prova<\/a><\/span><\/p>\n<p><span style=\"color: #3366ff;\"><a style=\"color: #3366ff;\" href=\"http:\/\/www.aeirmaospassos.pt\/wp-content\/uploads\/2025\/07\/FQ-Criterios-de-Classificacao-PEF-Pratica-1aFase-2025.pdf\">FQ &#8211; Crit\u00e9rios de Classifica\u00e7\u00e3o_Pr\u00e1tica<\/a><\/span><\/p>\n<p><span style=\"color: #3366ff;\"><a style=\"color: #3366ff;\" href=\"http:\/\/www.aeirmaospassos.pt\/wp-content\/uploads\/2025\/07\/FQ-Criterios-de-Classificacao-PEF-Escrita-1aFase-2025.pdf\">FQ &#8211; Crit\u00e9rios de Classifica\u00e7\u00e3o Escrita<\/a><\/span><\/p>\n<p><span style=\"color: #3366ff;\"><a style=\"color: #3366ff;\" href=\"http:\/\/www.aeirmaospassos.pt\/wp-content\/uploads\/2025\/07\/FQ-PEF-Pratica-1aFase-2025-Registo-de-Observacoes.pdf\">FQ &#8211; Prova Pr\u00e1tica<\/a><\/span><\/p>\n<p><span style=\"color: #3366ff;\"><a style=\"color: #3366ff;\" href=\"http:\/\/www.aeirmaospassos.pt\/wp-content\/uploads\/2025\/07\/FQ_PEF_Teorica_1afase_2025.pdf\">FQ_Prova<\/a><\/span><\/p>\n<p><span style=\"color: #3366ff;\"><a style=\"color: #3366ff;\" href=\"http:\/\/www.aeirmaospassos.pt\/wp-content\/uploads\/2025\/07\/Prova-de-Equivalencia-a-Frequencia-CD-2025-1a-fase.pdf\">Cidadania e Desenvolvimento_Prova<\/a><\/span><\/p>\n<p><a href=\"http:\/\/www.aeirmaospassos.pt\/wp-content\/uploads\/2025\/07\/Prova-Eq.Freq_._CN_2025_1aFASE-1.pdf\">.<\/a><\/p>\n<p>.<\/p>\n<p>.<\/p>\n<p>.<\/p>\n<p>&nbsp;<\/p>\n<p>&nbsp;<\/p>\n","protected":false},"excerpt":{"rendered":"<p>Consultar a Informa\u00e7\u00e3o Prova de Equival\u00eancia \u00e0 Frequ\u00eancia 3\u00ba Ciclo: Prova_TIC Prova Cidadania Prova Complemento \u00e0 Ed.Art\u00edstica Prova Educa\u00e7\u00e3o F\u00edsica Prova Educa\u00e7\u00e3o Visual Prova F\u00edsico-Qu\u00edmica &#8211; Escrita Prova F\u00edsico-Qu\u00edmica- Pr\u00e1tica Prova Escrita Franc\u00eas Prova Oral_FRANC\u00caS Prova Geografia Prova Hist\u00f3ria Prova&#8230;<\/p>\n","protected":false},"author":1,"featured_media":0,"parent":0,"menu_order":0,"comment_status":"closed","ping_status":"closed","template":"","meta":{"footnotes":""},"class_list":["post-1699","page","type-page","status-publish","hentry"],"_links":{"self":[{"href":"https:\/\/www.aeirmaospassos.pt\/index.php?rest_route=\/wp\/v2\/pages\/1699","targetHints":{"allow":["GET"]}}],"collection":[{"href":"https:\/\/www.aeirmaospassos.pt\/index.php?rest_route=\/wp\/v2\/pages"}],"about":[{"href":"https:\/\/www.aeirmaospassos.pt\/index.php?rest_route=\/wp\/v2\/types\/page"}],"author":[{"embeddable":true,"href":"https:\/\/www.aeirmaospassos.pt\/index.php?rest_route=\/wp\/v2\/users\/1"}],"replies":[{"embeddable":true,"href":"https:\/\/www.aeirmaospassos.pt\/index.php?rest_route=%2Fwp%2Fv2%2Fcomments&post=1699"}],"version-history":[{"count":29,"href":"https:\/\/www.aeirmaospassos.pt\/index.php?rest_route=\/wp\/v2\/pages\/1699\/revisions"}],"predecessor-version":[{"id":5884,"href":"https:\/\/www.aeirmaospassos.pt\/index.php?rest_route=\/wp\/v2\/pages\/1699\/revisions\/5884"}],"wp:attachment":[{"href":"https:\/\/www.aeirmaospassos.pt\/index.php?rest_route=%2Fwp%2Fv2%2Fmedia&parent=1699"}],"curies":[{"name":"wp","href":"https:\/\/api.w.org\/{rel}","templated":true}]}}