{"id":1526,"date":"2017-03-07T10:41:04","date_gmt":"2017-03-07T09:41:04","guid":{"rendered":"http:\/\/www.aeirmaospassos.pt\/?page_id=1526"},"modified":"2017-03-07T10:42:09","modified_gmt":"2017-03-07T09:42:09","slug":"projeto-impacto","status":"publish","type":"page","link":"https:\/\/www.aeirmaospassos.pt\/?page_id=1526","title":{"rendered":"Projeto ImPacto"},"content":{"rendered":"<p style=\"text-align: justify;\">&nbsp;<img loading=\"lazy\" decoding=\"async\" class=\" wp-image-1527 alignleft\" src=\"\/wp-content\/uploads\/2017\/03\/pip.png\" alt=\"\" width=\"151\" height=\"194\">O Projeto ImPacto, que decorre no 1\u00ba CEB do Agrupamento, tem como foco de interesse o estudo do impacto do treino musical, quando comparado com o desportivo, em componentes espec\u00edficos da leitura, da matem\u00e1tica e da m\u00fasica, bem como em \u00edndices e processos globais, nomeadamente no QI e no funcionamento executivo. Pretende-se com este estudo clarificar a rela\u00e7\u00e3o entre estes tr\u00eas dom\u00ednios cognitivos, bem como destrin\u00e7ar os efeitos do treino da aptid\u00e3o pr\u00e9via. Para uma melhor compreens\u00e3o da problem\u00e1tica concilia-se a abordagem comportamental com t\u00e9cnicas de neuroimagem, o que possibilitar\u00e1 estudar n\u00e3o apenas o comportamento mas tamb\u00e9m os correlatos neuroestruturais associados.<\/p>\n<p style=\"text-align: justify;\">\u00c9 ainda objetivo do Projeto melhorar a perce\u00e7\u00e3o sobre os benef\u00edcios do treino musical e desportivo como ferramentas de remedia\u00e7\u00e3o de dificuldades de aprendizagem ao n\u00edvel da leitura e dos processos matem\u00e1ticos.<\/p>\n<p><img loading=\"lazy\" decoding=\"async\" class=\"aligncenter size-full wp-image-1528\" src=\"\/wp-content\/uploads\/2017\/03\/pip_logos.png\" alt=\"\" width=\"1498\" height=\"874\" srcset=\"https:\/\/www.aeirmaospassos.pt\/wp-content\/uploads\/2017\/03\/pip_logos.png 1498w, https:\/\/www.aeirmaospassos.pt\/wp-content\/uploads\/2017\/03\/pip_logos-300x175.png 300w, https:\/\/www.aeirmaospassos.pt\/wp-content\/uploads\/2017\/03\/pip_logos-768x448.png 768w, https:\/\/www.aeirmaospassos.pt\/wp-content\/uploads\/2017\/03\/pip_logos-1024x597.png 1024w\" sizes=\"auto, (max-width: 1498px) 100vw, 1498px\" \/><\/p>\n","protected":false},"excerpt":{"rendered":"<p>&nbsp;O Projeto ImPacto, que decorre no 1\u00ba CEB do Agrupamento, tem como foco de interesse o estudo do impacto do treino musical, quando comparado com o desportivo, em componentes espec\u00edficos da leitura, da matem\u00e1tica e da m\u00fasica, bem como em&#8230;<\/p>\n","protected":false},"author":1,"featured_media":0,"parent":30,"menu_order":12,"comment_status":"closed","ping_status":"closed","template":"","meta":{"footnotes":""},"class_list":["post-1526","page","type-page","status-publish","hentry"],"_links":{"self":[{"href":"https:\/\/www.aeirmaospassos.pt\/index.php?rest_route=\/wp\/v2\/pages\/1526","targetHints":{"allow":["GET"]}}],"collection":[{"href":"https:\/\/www.aeirmaospassos.pt\/index.php?rest_route=\/wp\/v2\/pages"}],"about":[{"href":"https:\/\/www.aeirmaospassos.pt\/index.php?rest_route=\/wp\/v2\/types\/page"}],"author":[{"embeddable":true,"href":"https:\/\/www.aeirmaospassos.pt\/index.php?rest_route=\/wp\/v2\/users\/1"}],"replies":[{"embeddable":true,"href":"https:\/\/www.aeirmaospassos.pt\/index.php?rest_route=%2Fwp%2Fv2%2Fcomments&post=1526"}],"version-history":[{"count":6,"href":"https:\/\/www.aeirmaospassos.pt\/index.php?rest_route=\/wp\/v2\/pages\/1526\/revisions"}],"predecessor-version":[{"id":1534,"href":"https:\/\/www.aeirmaospassos.pt\/index.php?rest_route=\/wp\/v2\/pages\/1526\/revisions\/1534"}],"up":[{"embeddable":true,"href":"https:\/\/www.aeirmaospassos.pt\/index.php?rest_route=\/wp\/v2\/pages\/30"}],"wp:attachment":[{"href":"https:\/\/www.aeirmaospassos.pt\/index.php?rest_route=%2Fwp%2Fv2%2Fmedia&parent=1526"}],"curies":[{"name":"wp","href":"https:\/\/api.w.org\/{rel}","templated":true}]}}

<p style="text-align: justify;">&nbsp;<img loading="lazy" decoding="async" class=" wp-image-1527 alignleft" src="/wp-content/uploads/2017/03/pip.png" alt="" width="151" height="194">O Projeto ImPacto, que decorre no 1º CEB do Agrupamento, tem como foco de interesse o estudo do impacto do treino musical, quando comparado com o desportivo, em componentes específicos da leitura, da matemática e da música, bem como em índices e processos globais, nomeadamente no QI e no funcionamento executivo. Pretende-se com este estudo clarificar a relação entre estes três domínios cognitivos, bem como destrinçar os efeitos do treino da aptidão prévia. Para uma melhor compreensão da problemática concilia-se a abordagem comportamental com técnicas de neuroimagem, o que possibilitará estudar não apenas o comportamento mas também os correlatos neuroestruturais associados.</p>
<p style="text-align: justify;">É ainda objetivo do Projeto melhorar a perceção sobre os benefícios do treino musical e desportivo como ferramentas de remediação de dificuldades de aprendizagem ao nível da leitura e dos processos matemáticos.</p>
<p><img loading="lazy" decoding="async" class="aligncenter size-full wp-image-1528" src="/wp-content/uploads/2017/03/pip_logos.png" alt="" width="1498" height="874" srcset="https://www.aeirmaospassos.pt/wp-content/uploads/2017/03/pip_logos.png 1498w, https://www.aeirmaospassos.pt/wp-content/uploads/2017/03/pip_logos-300x175.png 300w, https://www.aeirmaospassos.pt/wp-content/uploads/2017/03/pip_logos-768x448.png 768w, https://www.aeirmaospassos.pt/wp-content/uploads/2017/03/pip_logos-1024x597.png 1024w" sizes="auto, (max-width: 1498px) 100vw, 1498px" /></p>

<p>&nbsp;O Projeto ImPacto, que decorre no 1º CEB do Agrupamento, tem como foco de interesse o estudo do impacto do treino musical, quando comparado com o desportivo, em componentes específicos da leitura, da matemática e da música, bem como em&#8230;</p>
