{"id":1317,"date":"2016-11-28T13:22:31","date_gmt":"2016-11-28T12:22:31","guid":{"rendered":"http:\/\/188.93.230.140\/~aeirmaos\/?page_id=1317"},"modified":"2025-02-24T11:42:04","modified_gmt":"2025-02-24T10:42:04","slug":"departamento-de-expressoes","status":"publish","type":"page","link":"https:\/\/www.aeirmaospassos.pt\/?page_id=1317","title":{"rendered":"Departamento das Express\u00f5es"},"content":{"rendered":"<p>O departamento das express\u00f5es agrega as disciplinas das \u00e1reas art\u00edsticas e motoras: educa\u00e7\u00e3o visual, educa\u00e7\u00e3o tecnol\u00f3gica, educa\u00e7\u00e3o musical e a educa\u00e7\u00e3o f\u00edsica.<\/p>\n<p>Movemo-nos num mundo visual e sonoro, da\u00ed a necessidade de descobrir e aprender a (re)interpretar a sua simbologia (imagem, sons e movimento) de forma a torn\u00e1-lo mais acess\u00edvel e belo. A educa\u00e7\u00e3o art\u00edstica \u00e9 essencial na educa\u00e7\u00e3o do ser humano permitindo desenvolver o sentido cr\u00edtico e criativo bem como a sensibilidade, promovendo a forma\u00e7\u00e3o integral do indiv\u00edduo.<\/p>\n<p>&nbsp;<\/p>\n<p><strong>Coordenadora<\/strong>: Eur\u00eddice Silva<\/p>\n<p><strong>Subcoordenadoras<\/strong>: Gabriela Lucas (EF), M\u00e1rcia Moura (EM) e Rosa Barros (TIC)<\/p>\n<p><strong>Coordenador Desporto Escolar<\/strong>: Rui Pedro Sousa<\/p>\n","protected":false},"excerpt":{"rendered":"<p>O departamento das express\u00f5es agrega as disciplinas das \u00e1reas art\u00edsticas e motoras: educa\u00e7\u00e3o visual, educa\u00e7\u00e3o tecnol\u00f3gica, educa\u00e7\u00e3o musical e a educa\u00e7\u00e3o f\u00edsica. Movemo-nos num mundo visual e sonoro, da\u00ed a necessidade de descobrir e aprender a (re)interpretar a sua simbologia&#8230;<\/p>\n","protected":false},"author":1,"featured_media":0,"parent":352,"menu_order":0,"comment_status":"closed","ping_status":"closed","template":"","meta":{"footnotes":""},"class_list":["post-1317","page","type-page","status-publish","hentry"],"_links":{"self":[{"href":"https:\/\/www.aeirmaospassos.pt\/index.php?rest_route=\/wp\/v2\/pages\/1317","targetHints":{"allow":["GET"]}}],"collection":[{"href":"https:\/\/www.aeirmaospassos.pt\/index.php?rest_route=\/wp\/v2\/pages"}],"about":[{"href":"https:\/\/www.aeirmaospassos.pt\/index.php?rest_route=\/wp\/v2\/types\/page"}],"author":[{"embeddable":true,"href":"https:\/\/www.aeirmaospassos.pt\/index.php?rest_route=\/wp\/v2\/users\/1"}],"replies":[{"embeddable":true,"href":"https:\/\/www.aeirmaospassos.pt\/index.php?rest_route=%2Fwp%2Fv2%2Fcomments&post=1317"}],"version-history":[{"count":8,"href":"https:\/\/www.aeirmaospassos.pt\/index.php?rest_route=\/wp\/v2\/pages\/1317\/revisions"}],"predecessor-version":[{"id":5725,"href":"https:\/\/www.aeirmaospassos.pt\/index.php?rest_route=\/wp\/v2\/pages\/1317\/revisions\/5725"}],"up":[{"embeddable":true,"href":"https:\/\/www.aeirmaospassos.pt\/index.php?rest_route=\/wp\/v2\/pages\/352"}],"wp:attachment":[{"href":"https:\/\/www.aeirmaospassos.pt\/index.php?rest_route=%2Fwp%2Fv2%2Fmedia&parent=1317"}],"curies":[{"name":"wp","href":"https:\/\/api.w.org\/{rel}","templated":true}]}}

Departamento das Expressões

<p>O departamento das expressões agrega as disciplinas das áreas artísticas e motoras: educação visual, educação tecnológica, educação musical e a educação física.</p>
<p>Movemo-nos num mundo visual e sonoro, daí a necessidade de descobrir e aprender a (re)interpretar a sua simbologia (imagem, sons e movimento) de forma a torná-lo mais acessível e belo. A educação artística é essencial na educação do ser humano permitindo desenvolver o sentido crítico e criativo bem como a sensibilidade, promovendo a formação integral do indivíduo.</p>
<p>&nbsp;</p>
<p><strong>Coordenadora</strong>: Eurídice Silva</p>
<p><strong>Subcoordenadoras</strong>: Gabriela Lucas (EF), Márcia Moura (EM) e Rosa Barros (TIC)</p>
<p><strong>Coordenador Desporto Escolar</strong>: Rui Pedro Sousa</p>

<p>O departamento das expressões agrega as disciplinas das áreas artísticas e motoras: educação visual, educação tecnológica, educação musical e a educação física. Movemo-nos num mundo visual e sonoro, daí a necessidade de descobrir e aprender a (re)interpretar a sua simbologia&#8230;</p>
