{"id":1315,"date":"2016-11-28T13:22:12","date_gmt":"2016-11-28T12:22:12","guid":{"rendered":"http:\/\/188.93.230.140\/~aeirmaos\/?page_id=1315"},"modified":"2025-02-24T11:42:40","modified_gmt":"2025-02-24T10:42:40","slug":"departamento-de-matematica-e-ciencias-experimentais","status":"publish","type":"page","link":"https:\/\/www.aeirmaospassos.pt\/?page_id=1315","title":{"rendered":"Departamento de Matem\u00e1tica e Ci\u00eancias Experimentais"},"content":{"rendered":"<blockquote><p>\u2026O estudo da Ci\u00eancia ter\u00e1 sempre a import\u00e2ncia de fazer observar o mundo de modo completamente novo, mais completo e muito mais rico, entendendo cada pormenor e conseguindo interpretar os fen\u00f3menos que nos rodeiam. Ajuda a pensar, Explica o mundo e Alerta-nos para a import\u00e2ncia da preserva\u00e7\u00e3o do Planeta\u2026<\/p><\/blockquote>\n<p>&nbsp;<\/p>\n<p>O Departamento de Matem\u00e1tica e Ci\u00eancias Experimentais aposta na articula\u00e7\u00e3o e partilha de saberes relacionados com as Ci\u00eancias. Pretende mostrar a import\u00e2ncia das Ci\u00eancias no quotidiano, na melhoria da qualidade de vida, no racioc\u00ednio matem\u00e1tico e na compreens\u00e3o dos fen\u00f3menos.<\/p>\n<p>\u00c9 constitu\u00eddo pelos professores das \u00e1reas disciplinares: Matem\u00e1tica; Ci\u00eancias Naturais; Ci\u00eancias F\u00edsico \u2013 Qu\u00edmicas e Tecnologias de Informa\u00e7\u00e3o e Comunica\u00e7\u00e3o.<\/p>\n<p>&nbsp;<\/p>\n<p><strong>Os subcoordenadores das \u00e1reas disciplinares:<\/strong><\/p>\n<p>Matem\u00e1tica \u2013 <strong>Arminda Lopes<\/strong><\/p>\n<p>Ci\u00eancias F\u00edsico \u2013 Qu\u00edmicas \u2013<strong> Sofia Liberal<br \/>\n<\/strong><\/p>\n<p>Coordenadora de Departamento \u2013 <strong>S\u00edlvia Duarte<\/strong><\/p>\n","protected":false},"excerpt":{"rendered":"<p>\u2026O estudo da Ci\u00eancia ter\u00e1 sempre a import\u00e2ncia de fazer observar o mundo de modo completamente novo, mais completo e muito mais rico, entendendo cada pormenor e conseguindo interpretar os fen\u00f3menos que nos rodeiam. Ajuda a pensar, Explica o mundo&#8230;<\/p>\n","protected":false},"author":1,"featured_media":0,"parent":352,"menu_order":0,"comment_status":"closed","ping_status":"closed","template":"","meta":{"footnotes":""},"class_list":["post-1315","page","type-page","status-publish","hentry"],"_links":{"self":[{"href":"https:\/\/www.aeirmaospassos.pt\/index.php?rest_route=\/wp\/v2\/pages\/1315","targetHints":{"allow":["GET"]}}],"collection":[{"href":"https:\/\/www.aeirmaospassos.pt\/index.php?rest_route=\/wp\/v2\/pages"}],"about":[{"href":"https:\/\/www.aeirmaospassos.pt\/index.php?rest_route=\/wp\/v2\/types\/page"}],"author":[{"embeddable":true,"href":"https:\/\/www.aeirmaospassos.pt\/index.php?rest_route=\/wp\/v2\/users\/1"}],"replies":[{"embeddable":true,"href":"https:\/\/www.aeirmaospassos.pt\/index.php?rest_route=%2Fwp%2Fv2%2Fcomments&post=1315"}],"version-history":[{"count":6,"href":"https:\/\/www.aeirmaospassos.pt\/index.php?rest_route=\/wp\/v2\/pages\/1315\/revisions"}],"predecessor-version":[{"id":5726,"href":"https:\/\/www.aeirmaospassos.pt\/index.php?rest_route=\/wp\/v2\/pages\/1315\/revisions\/5726"}],"up":[{"embeddable":true,"href":"https:\/\/www.aeirmaospassos.pt\/index.php?rest_route=\/wp\/v2\/pages\/352"}],"wp:attachment":[{"href":"https:\/\/www.aeirmaospassos.pt\/index.php?rest_route=%2Fwp%2Fv2%2Fmedia&parent=1315"}],"curies":[{"name":"wp","href":"https:\/\/api.w.org\/{rel}","templated":true}]}}

Departamento de Matemática e Ciências Experimentais

<blockquote><p>…O estudo da Ciência terá sempre a importância de fazer observar o mundo de modo completamente novo, mais completo e muito mais rico, entendendo cada pormenor e conseguindo interpretar os fenómenos que nos rodeiam. Ajuda a pensar, Explica o mundo e Alerta-nos para a importância da preservação do Planeta…</p></blockquote>
<p>&nbsp;</p>
<p>O Departamento de Matemática e Ciências Experimentais aposta na articulação e partilha de saberes relacionados com as Ciências. Pretende mostrar a importância das Ciências no quotidiano, na melhoria da qualidade de vida, no raciocínio matemático e na compreensão dos fenómenos.</p>
<p>É constituído pelos professores das áreas disciplinares: Matemática; Ciências Naturais; Ciências Físico – Químicas e Tecnologias de Informação e Comunicação.</p>
<p>&nbsp;</p>
<p><strong>Os subcoordenadores das áreas disciplinares:</strong></p>
<p>Matemática – <strong>Arminda Lopes</strong></p>
<p>Ciências Físico – Químicas –<strong> Sofia Liberal<br />
</strong></p>
<p>Coordenadora de Departamento – <strong>Sílvia Duarte</strong></p>

<p>…O estudo da Ciência terá sempre a importância de fazer observar o mundo de modo completamente novo, mais completo e muito mais rico, entendendo cada pormenor e conseguindo interpretar os fenómenos que nos rodeiam. Ajuda a pensar, Explica o mundo&#8230;</p>
