{"id":1311,"date":"2016-11-28T13:21:06","date_gmt":"2016-11-28T12:21:06","guid":{"rendered":"http:\/\/188.93.230.140\/~aeirmaos\/?page_id=1311"},"modified":"2021-11-17T13:45:10","modified_gmt":"2021-11-17T12:45:10","slug":"departamento-de-linguas","status":"publish","type":"page","link":"https:\/\/www.aeirmaospassos.pt\/?page_id=1311","title":{"rendered":"Departamento de L\u00ednguas"},"content":{"rendered":"<blockquote>\n<p style=\"text-align: right;\"><em>Quem n\u00e3o v\u00ea bem uma palavra n\u00e3o pode ver bem uma alma.<\/em><br \/>\n<em>Pessoa, Fernando<\/em><\/p>\n<\/blockquote>\n<p>&nbsp;<\/p>\n<blockquote>\n<p style=\"text-align: right;\"><em>Uma palavra \u00e9 como a nota que procura outras para um acorde perfeito.<\/em><br \/>\n<em>Andrade, Eug\u00e9nio<\/em><\/p>\n<\/blockquote>\n<p>&nbsp;<\/p>\n<p>O Departamento de L\u00ednguas \u00e9 constitu\u00eddo por 33 docentes das \u00e1reas disciplinares de Portugu\u00eas, Ingl\u00eas e Franc\u00eas do 2\u00ba e 3\u00ba ciclos e Ingl\u00eas de 1\u00ba ciclo.<\/p>\n<p>Subcoordenadoras das tr\u00eas \u00e1reas disciplinares:<\/p>\n<p><strong>H\u00e9lder Gon\u00e7alves<\/strong> &#8211; \u00c1rea disciplinar de Portugu\u00eas<\/p>\n<p><strong>Ana Juanico<\/strong> &#8211; \u00c1rea disciplinar de Ingl\u00eas<\/p>\n<p><strong>Ana Paula Fernandes<\/strong> &#8211; \u00c1rea disciplinar de Franc\u00eas<\/p>\n<p><strong>Patr\u00edcia Sousa<\/strong> &#8211; \u00c1rea disciplinar de Ingl\u00eas (1\u00ba ciclo).<\/p>\n<p><strong>Ana Juanico<\/strong> &#8211; Coordenador de Departamento<\/p>\n<p>&nbsp;<\/p>\n<p><strong>Aprender uma l\u00edngua \u00e9 muito mais do que adquirir uma ferramenta de comunica\u00e7\u00e3o. \u00c9 tamb\u00e9m aprender uma cultura, \u00e9 abrir-se ao multiculturalismo, \u00e9 adquirir novas formas de entender as coisas e o mundo. <\/strong><\/p>\n","protected":false},"excerpt":{"rendered":"<p>Quem n\u00e3o v\u00ea bem uma palavra n\u00e3o pode ver bem uma alma. Pessoa, Fernando &nbsp; Uma palavra \u00e9 como a nota que procura outras para um acorde perfeito. Andrade, Eug\u00e9nio &nbsp; O Departamento de L\u00ednguas \u00e9 constitu\u00eddo por 33 docentes&#8230;<\/p>\n","protected":false},"author":1,"featured_media":0,"parent":352,"menu_order":0,"comment_status":"closed","ping_status":"closed","template":"","meta":{"footnotes":""},"class_list":["post-1311","page","type-page","status-publish","hentry"],"_links":{"self":[{"href":"https:\/\/www.aeirmaospassos.pt\/index.php?rest_route=\/wp\/v2\/pages\/1311","targetHints":{"allow":["GET"]}}],"collection":[{"href":"https:\/\/www.aeirmaospassos.pt\/index.php?rest_route=\/wp\/v2\/pages"}],"about":[{"href":"https:\/\/www.aeirmaospassos.pt\/index.php?rest_route=\/wp\/v2\/types\/page"}],"author":[{"embeddable":true,"href":"https:\/\/www.aeirmaospassos.pt\/index.php?rest_route=\/wp\/v2\/users\/1"}],"replies":[{"embeddable":true,"href":"https:\/\/www.aeirmaospassos.pt\/index.php?rest_route=%2Fwp%2Fv2%2Fcomments&post=1311"}],"version-history":[{"count":7,"href":"https:\/\/www.aeirmaospassos.pt\/index.php?rest_route=\/wp\/v2\/pages\/1311\/revisions"}],"predecessor-version":[{"id":4624,"href":"https:\/\/www.aeirmaospassos.pt\/index.php?rest_route=\/wp\/v2\/pages\/1311\/revisions\/4624"}],"up":[{"embeddable":true,"href":"https:\/\/www.aeirmaospassos.pt\/index.php?rest_route=\/wp\/v2\/pages\/352"}],"wp:attachment":[{"href":"https:\/\/www.aeirmaospassos.pt\/index.php?rest_route=%2Fwp%2Fv2%2Fmedia&parent=1311"}],"curies":[{"name":"wp","href":"https:\/\/api.w.org\/{rel}","templated":true}]}}

Departamento de Línguas

<blockquote>
<p style="text-align: right;"><em>Quem não vê bem uma palavra não pode ver bem uma alma.</em><br />
<em>Pessoa, Fernando</em></p>
</blockquote>
<p>&nbsp;</p>
<blockquote>
<p style="text-align: right;"><em>Uma palavra é como a nota que procura outras para um acorde perfeito.</em><br />
<em>Andrade, Eugénio</em></p>
</blockquote>
<p>&nbsp;</p>
<p>O Departamento de Línguas é constituído por 33 docentes das áreas disciplinares de Português, Inglês e Francês do 2º e 3º ciclos e Inglês de 1º ciclo.</p>
<p>Subcoordenadoras das três áreas disciplinares:</p>
<p><strong>Hélder Gonçalves</strong> &#8211; Área disciplinar de Português</p>
<p><strong>Ana Juanico</strong> &#8211; Área disciplinar de Inglês</p>
<p><strong>Ana Paula Fernandes</strong> &#8211; Área disciplinar de Francês</p>
<p><strong>Patrícia Sousa</strong> &#8211; Área disciplinar de Inglês (1º ciclo).</p>
<p><strong>Ana Juanico</strong> &#8211; Coordenador de Departamento</p>
<p>&nbsp;</p>
<p><strong>Aprender uma língua é muito mais do que adquirir uma ferramenta de comunicação. É também aprender uma cultura, é abrir-se ao multiculturalismo, é adquirir novas formas de entender as coisas e o mundo. </strong></p>

<p>Quem não vê bem uma palavra não pode ver bem uma alma. Pessoa, Fernando &nbsp; Uma palavra é como a nota que procura outras para um acorde perfeito. Andrade, Eugénio &nbsp; O Departamento de Línguas é constituído por 33 docentes&#8230;</p>
