{"id":119,"date":"2016-08-19T20:00:46","date_gmt":"2016-08-19T20:00:46","guid":{"rendered":"\/?page_id=119"},"modified":"2025-11-18T19:35:11","modified_gmt":"2025-11-18T18:35:11","slug":"projeto-educativo","status":"publish","type":"page","link":"https:\/\/www.aeirmaospassos.pt\/?page_id=119","title":{"rendered":"Projeto Educativo"},"content":{"rendered":"<p>Consulte: <span style=\"color: #0000ff;\"><strong><span style=\"text-decoration: underline;\"><a style=\"color: #0000ff; text-decoration: underline;\" href=\"http:\/\/www.aeirmaospassos.pt\/wp-content\/uploads\/2025\/11\/PE-2024.28aa.pdf\">Projeto Educativo<\/a><\/span><\/strong><\/span><\/p>\n<p>&nbsp;<\/p>\n<p>&nbsp;<\/p>\n<h2 style=\"text-align: center;\"><\/h2>\n<p><!--\nDe acordo com o regime de autonomia, administra\u00e7\u00e3o e gest\u00e3o dos estabelecimentos p\u00fablicos da educa\u00e7\u00e3o pr\u00e9-escolar e dos ensinos b\u00e1sicos e secund\u00e1rio das escolas, o Projeto educativo \u00e9 o documento que consagra a orienta\u00e7\u00e3o educativa do agrupamento de escolas, elaborado e aprovado pelos seus \u00f3rg\u00e3os de administra\u00e7\u00e3o e gest\u00e3o para um horizonte de tr\u00eas anos, no qual se explicitam os princ\u00edpios, os valores, as metas e as estrat\u00e9gias segundo os quais o agrupamento de escolas se prop\u00f5e cumprir a sua fun\u00e7\u00e3o educativa.\n\n\n<table>\n\n\n<tbody>\n\n\n<tr>\n\n\n<td>\n<a href=\"wp-content\/uploads\/2016\/08\/projeto-educativo-2014-2017.pdf\" target=\"_blak\" rel=\"noopener\">\n<img loading=\"lazy\" decoding=\"async\" class=\"aligncenter size-full wp-image-128\" src=\"wp-content\/uploads\/2016\/08\/text-file-3-24.png\" alt=\"text-file-3-24\" width=\"24\" height=\"24\" \/><\/a><\/td>\n\n\n\n\n<td><u>\n<a href=\"wp-content\/uploads\/2016\/08\/projeto-educativo-2014-2017.pdf\" target=\"_blak\" rel=\"noopener\">Projeto Educativo 2014\/2017 (pdf)<\/a>\n<\/u><\/td>\n\n\n<\/tr>\n\n\n<\/tbody>\n\n\n<\/table>\n\n\n&nbsp;\n\n&nbsp;\n--><\/p>\n","protected":false},"excerpt":{"rendered":"<p>Consulte: Projeto Educativo &nbsp; &nbsp;<\/p>\n","protected":false},"author":1,"featured_media":0,"parent":18,"menu_order":0,"comment_status":"closed","ping_status":"closed","template":"","meta":{"footnotes":""},"class_list":["post-119","page","type-page","status-publish","hentry"],"_links":{"self":[{"href":"https:\/\/www.aeirmaospassos.pt\/index.php?rest_route=\/wp\/v2\/pages\/119","targetHints":{"allow":["GET"]}}],"collection":[{"href":"https:\/\/www.aeirmaospassos.pt\/index.php?rest_route=\/wp\/v2\/pages"}],"about":[{"href":"https:\/\/www.aeirmaospassos.pt\/index.php?rest_route=\/wp\/v2\/types\/page"}],"author":[{"embeddable":true,"href":"https:\/\/www.aeirmaospassos.pt\/index.php?rest_route=\/wp\/v2\/users\/1"}],"replies":[{"embeddable":true,"href":"https:\/\/www.aeirmaospassos.pt\/index.php?rest_route=%2Fwp%2Fv2%2Fcomments&post=119"}],"version-history":[{"count":25,"href":"https:\/\/www.aeirmaospassos.pt\/index.php?rest_route=\/wp\/v2\/pages\/119\/revisions"}],"predecessor-version":[{"id":6002,"href":"https:\/\/www.aeirmaospassos.pt\/index.php?rest_route=\/wp\/v2\/pages\/119\/revisions\/6002"}],"up":[{"embeddable":true,"href":"https:\/\/www.aeirmaospassos.pt\/index.php?rest_route=\/wp\/v2\/pages\/18"}],"wp:attachment":[{"href":"https:\/\/www.aeirmaospassos.pt\/index.php?rest_route=%2Fwp%2Fv2%2Fmedia&parent=119"}],"curies":[{"name":"wp","href":"https:\/\/api.w.org\/{rel}","templated":true}]}}

<p>Consulte: <span style="color: #0000ff;"><strong><span style="text-decoration: underline;"><a style="color: #0000ff; text-decoration: underline;" href="http://www.aeirmaospassos.pt/wp-content/uploads/2025/11/PE-2024.28aa.pdf">Projeto Educativo</a></span></strong></span></p>
<p>&nbsp;</p>
<p>&nbsp;</p>
<h2 style="text-align: center;"></h2>
<p><!--
De acordo com o regime de autonomia, administração e gestão dos estabelecimentos públicos da educação pré-escolar e dos ensinos básicos e secundário das escolas, o Projeto educativo é o documento que consagra a orientação educativa do agrupamento de escolas, elaborado e aprovado pelos seus órgãos de administração e gestão para um horizonte de três anos, no qual se explicitam os princípios, os valores, as metas e as estratégias segundo os quais o agrupamento de escolas se propõe cumprir a sua função educativa.


<table>


<tbody>


<tr>


<td>
<a href="wp-content/uploads/2016/08/projeto-educativo-2014-2017.pdf" target="_blak" rel="noopener">
<img loading="lazy" decoding="async" class="aligncenter size-full wp-image-128" src="wp-content/uploads/2016/08/text-file-3-24.png" alt="text-file-3-24" width="24" height="24" /></a></td>




<td><u>
<a href="wp-content/uploads/2016/08/projeto-educativo-2014-2017.pdf" target="_blak" rel="noopener">Projeto Educativo 2014/2017 (pdf)</a>
</u></td>


</tr>


</tbody>


</table>


&nbsp;

&nbsp;
--></p>
